, 5*z + 4 = -l - 10. Let h be l*(6/12 - 1). Calculate the greatest common factor of 21 and h.
7
Suppose 79*b - 2304 = 71*b. Suppose -384 = 97*j - 103*j. What is the greatest common factor of j and b?
32
Let h = 3988 - -2292. What is the highest common divisor of 80 and h?
40
Let i be 8/(-14) - (-62528)/448. What is the greatest common factor of i and 4448?
139
Let v be 840/85 - (-2)/17. Suppose -13*t + v = -3*t. Let q be (2 + 1 - (-7 + t))*1. What is the highest common factor of q and 63?
9
Let a = 147 - 28. Suppose -3*z - 47 = -a. What is the highest common divisor of z and 192?
24
Suppose -k = -3*u - 27, 0 = -2*k - u + 10 + 9. Suppose k = -m - 3. Let c = 120 - m. Calculate the highest common factor of c and 27.
27
Let q(h) = h**3 - 57*h**2 + 63*h + 14. Let g be q(56). What is the greatest common factor of g and 58?
58
Let b be (-1)/(((-20)/124)/5). Let k(z) = 31*z + z**3 + 22*z - 1 - 22*z**2 - b*z. Let w be k(21). Calculate the greatest common factor of w and 140.
20
Let m be (-168)/(((-231)/14)/(-11)). Let t = 40 - -99. Let s = t + m. Calculate the highest common divisor of 243 and s.
27
Suppose -2077 = -15*o + 38. Suppose 5*w + 380 = 5*q, 3*q = -3*w + 375 - o. What is the highest common divisor of 7 and q?
7
Let m = 21584 - 17254. What is the highest common factor of 20 and m?
10
Suppose 9632 + 22828 = 5*b + 7*b. Calculate the highest common divisor of 20 and b.
5
Let l = 13331 + -12530. Calculate the greatest common factor of l and 178.
89
Let d = -93 + 118. Let i = d + -31. Let z be 1756/28 + i/(-21). Calculate the greatest common factor of 9 and z.
9
Let r = 41 + 14. Suppose 34*w + 99 = 847. Calculate the highest common factor of r and w.
11
Let g be ((-20)/(-3))/(-5*(-10)/2100). Suppose -6*t = -t - g. What is the highest common divisor of t and 112?
56
Let p = 16432 + -16398. Calculate the greatest common divisor of 2125 and p.
17
Let d = -10587 - -11011. Calculate the highest common divisor of d and 1219.
53
Suppose -5653 = -3*n - 5389. Calculate the highest common factor of 1441 and n.
11
Suppose 3 = -3*a, 2*q + 0*q + 3*a = 195. Suppose -4*w = 4, -4*k - 5*w = -7*k + 596. Let d = k - 188. What is the highest common factor of q and d?
9
Let u = -160 - -206. Let f be 1*(3/9 - (-51)/9). Let o(p) = 17*p - 10. Let v be o(f). What is the greatest common factor of u and v?
46
Suppose 0 = -107*g + 106*g - 3*x - 9, 0 = 4*x + 24. Let m be 2/(-4) - (-33)/2. Let u = 61 - m. What is the highest common divisor of u and g?
9
Let r = 631 - -8222. Calculate the greatest common divisor of r and 39.
39
Suppose -71*u + 49210 = 62*u. What is the highest common divisor of 90 and u?
10
Let h(o) be the third derivative of 67*o**5/20 - o**4/12 + o**3/3 - 3*o**2. Let w be h(1). Let b = -123 + w. Calculate the highest common factor of 6 and b.
6
Suppose -44*q - 88*q + 12896 = -8*q. Calculate the greatest common factor of q and 1118.
26
Let j(o) = 63*o + 2656. Let i be j(-41). What is the highest common factor of 3 and i?
1
Let v be 34 + 3/((-3)/2). Let l be 462/39 - -2*3/39. Calculate the greatest common factor of v and l.
4
Suppose 0 = -2*j + 2*o - 6, -j + 0*o + 27 = 5*o. Suppose 2*v + 760 = -j*v. Let h be (9/(-5))/(2/v). Calculate the highest common factor of 19 and h.
19
Suppose 201 + 108 = 2*t - 5*i, 0 = i - 9. What is the greatest common divisor of t and 13039?
59
Let p be 312/(-26)*3/(-4). Suppose -5*g - 135 = -5*t, t + p = 2*t + 5*g. Calculate the highest common divisor of t and 120.
24
Let r = -121 + 202. Suppose -r - 111 = -16*y. Let x(m) = m**3 + 5*m**2 + m - 3. Let f be x(-3). What is the highest common divisor of f and y?
12
Let a(q) = -q**3 - 6*q**2 - 8*q - 24. Let h = -159 - -153. Let w be a(h). Suppose 4*j = -j + 300. What is the highest common factor of w and j?
12
Suppose 43*n - 310 = 12*n. Suppose w + 1 = 5*y + n, -4*w + y + 93 = 0. Calculate the highest common factor of 30 and w.
6
Suppose -j - 281 = 4*y - 765, 1472 = 3*j + 2*y. What is the highest common divisor of j and 2132?
164
Let v = 59 + -31. Let p = -27953 - -28149. What is the highest common factor of v and p?
28
Let b(l) = 16*l - 403. Let m be b(32). Suppose 2605 - m = 2*s. What is the greatest common divisor of s and 39?
39
Let n be (9/12)/(13/312). What is the greatest common divisor of 333 and n?
9
Let i = -151 + 386. Let v = -137 + i. What is the greatest common divisor of 56 and v?
14
Let g(t) = -4*t + 55. Let u be g(19). Let s be (162/u)/((-171)/84 - -2). What is the greatest common divisor of 8 and s?
8
Let w be (-88)/220*(-4)/((-8)/(-425)). Calculate the greatest common divisor of 14195 and w.
85
Let m(c) = 5*c**2 - 69*c + 14. Let h be m(14). Suppose -4*f + 3*f + 350 = 0. What is the greatest common factor of f and h?
14
Suppose 1735 = 2*f - 5*m, -2*f + 2*m + 747 + 967 = 0. What is the highest common factor of f and 400?
50
Let o(l) = -l**3 - 12*l**2 - 5*l - 21. Let i be o(-9). Let g = i - -234. What is the greatest common factor of 165 and g?
15
Let d(i) = 2*i - 6. Let q be d(3). Let a(j) = 2 - 1 + q - 14*j + 2*j. Let s be a(-1). Calculate the highest common factor of 26 and s.
13
Let g be ((-2)/(-10))/(11/385). Suppose -f + 75 = -4*h + g*h, -3*h - 57 = -f. Let k be (-84)/(-10)*5 + 2. What is the greatest common factor of f and k?
22
Suppose 3*x - 987 = -5*a, -x - 595 = 62*a - 65*a. Let t(l) = l**2 - 6*l - 10. Let s be t(8). What is the highest common divisor of s and a?
6
Suppose -993 + 1065 = -6*u. Let o be 8 - (-1 + 7) - u. Calculate the highest common divisor of o and 6.
2
Let k = -17 + 24. Let n be ((-1)/(-2))/1*(-86 - 0). Let p = n + 120. Calculate the highest common factor of k and p.
7
Let c(r) = -13*r + 1217. Let u be c(91). What is the highest common divisor of u and 1581?
17
Suppose 198 = -19*i + 30*i. Suppose 135*p = 133*p + i. Let b = 244 - 145. Calculate the greatest common divisor of p and b.
9
Suppose -4*k - 36 = -0. Let i(f) = -2*f**2 - 17*f + 9. Let n be i(k). Suppose n = -4*d + 17*d - 442. What is the highest common factor of 51 and d?
17
Let g be 844/10 - ((-40)/(-25))/4. Let y = -81 + g. Calculate the highest common divisor of 12 and y.
3
Suppose -2*o + 6407 = 4*v - 1371, 0 = -5*o + 5*v + 19370. Calculate the greatest common divisor of 27 and o.
9
Let k(y) = -y**2 - y + 4. Let s be k(0). Let i(g) = 3*g**2 - 14*g - 48. Let z be i(-4). Suppose -12 = -17*b + z. Calculate the highest common factor of s and b.
4
Let q be (-1955)/(-153) + -13 + ((-1968)/27)/(-4). Calculate the greatest common divisor of 6165 and q.
9
Let u(o) = 1079*o - 9659. Let m be u(9). What is the greatest common divisor of m and 4927?
13
Let o(z) = -4*z - 8. Let w be (1/4)/((-5)/100). Let b be o(w). What is the highest common divisor of 9 and b?
3
Suppose 0 = -m - 30*m + 5208. Suppose -414*p + 412*p = -m. Calculate the highest common factor of p and 7.
7
Let v be (-1)/(-24)*8 - 23/(-3). Calculate the highest common factor of v and 6620.
4
Let l = 2 - -2. Let u be (l/(-3))/(7/(-147)). Let j be (112/12)/(4/30). What is the highest common factor of j and u?
14
Let r = 39 + -96. Let t = 22 + r. Let o be (-570)/t - (-2)/(-7). What is the highest common divisor of o and 48?
16
Let l(t) = -40*t - 122. Let a be l(24). Let r = -668 - a. Calculate the greatest common factor of r and 46.
46
Let u be 1/(14/(-180))*(1 + -8). Let k(j) = -j**3 - 8*j**2 + 7*j - 14. Let y be k(-9). Let b be (36/45)/(y/u). What is the highest common divisor of b and 144?
18
Suppose 235983 + 334856 = 91*k - 201296. Calculate the highest common divisor of 5 and k.
5
Suppose 5*d + 45 = 5*f, 21*f + d = 24*f - 29. What is the highest common divisor of f and 1285?
5
Suppose 0 = 9*u + 27*u - 1980. Let n be (-4 - u/(-15)) + (-2164)/(-12). Calculate the greatest common factor of n and 135.
45
Let m be 0 - -5 - (-828)/(6 - 3). Let w = 608 - m. Calculate the highest common divisor of 3 and w.
3
Let u be 15/(-3) - (-12 + -1). Let t = -29 + u. Let j = 63 - t. What is the greatest common factor of j and 24?
12
Suppose 33*i = 197*i - 8856. What is the highest common divisor of i and 36?
18
Let i(v) = -v**2 - 14*v + 100. Let q be i(5). Let s = 40 + 5. Calculate the highest common divisor of s and q.
5
Let f = -101 + 111. Suppose 0 = -f*r - 2*r + 72. Suppose -2*b + 3*b - r = -2*h, 4*h - 10 = -b. Calculate the greatest common divisor